 18.
18
Calculate the highest common factor of 10515 and 9.
3
Calculate the highest common factor of 624 and 7488.
624
Calculate the greatest common divisor of 674274 and 654.
654
Calculate the greatest common factor of 22298 and 2.
2
What is the highest common divisor of 1808 and 352?
16
What is the greatest common divisor of 101090 and 110?
110
What is the greatest common factor of 329 and 931?
7
Calculate the greatest common divisor of 708 and 372.
12
Calculate the greatest common factor of 17061 and 564.
141
Calculate the greatest common factor of 192 and 1709440.
64
What is the highest common divisor of 66810 and 131?
131
Calculate the greatest common divisor of 772650 and 5175.
225
What is the greatest common divisor of 564 and 120884?
188
Calculate the greatest common divisor of 4527 and 7299.
9
What is the greatest common divisor of 315 and 369243?
63
Calculate the highest common divisor of 423897 and 606.
303
What is the highest common divisor of 380 and 387980?
380
Calculate the greatest common factor of 302 and 28539.
151
Calculate the highest common divisor of 46620 and 142380.
1260
Calculate the highest common factor of 315 and 1682555.
35
Calculate the greatest common factor of 2 and 11777.
1
What is the greatest common factor of 640 and 219840?
320
What is the highest common factor of 306278 and 2227?
131
What is the highest common factor of 46 and 475640?
46
Calculate the greatest common factor of 4249 and 133.
7
What is the highest common divisor of 26692 and 64?
4
What is the highest common factor of 89090 and 3422?
118
What is the greatest common divisor of 60 and 606660?
60
Calculate the highest common factor of 20 and 1869740.
20
What is the greatest common divisor of 1214 and 1454?
2
What is the greatest common factor of 496962 and 918?
54
What is the greatest common factor of 14150 and 600?
50
Calculate the greatest common factor of 310 and 180.
10
Calculate the highest common factor of 23296 and 6912.
256
Calculate the greatest common divisor of 105 and 21504.
21
What is the highest common factor of 112105 and 70?
35
What is the greatest common divisor of 12104 and 238?
34
What is the greatest common divisor of 931 and 54341?
49
Calculate the highest common divisor of 360 and 12600.
360
What is the highest common divisor of 351234 and 316?
158
What is the highest common factor of 572 and 43186?
286
Calculate the greatest common factor of 3656 and 3064.
8
What is the highest common divisor of 66 and 266142?
6
What is the greatest common factor of 127 and 9210675?
127
What is the highest common factor of 238 and 410414?
34
What is the greatest common divisor of 25134 and 781?
71
Calculate the highest common divisor of 72080 and 17119.
901
What is the highest common divisor of 115344 and 16?
16
What is the highest common divisor of 13311 and 243?
27
What is the highest common divisor of 1798 and 324?
2
What is the greatest common divisor of 15969 and 52?
1
Calculate the highest common factor of 17043 and 39.
39
What is the greatest common divisor of 37079 and 49?
7
What is the highest common divisor of 302 and 99509?
151
What is the highest common divisor of 475 and 1489600?
475
Calculate the highest common divisor of 40 and 398648.
8
What is the highest common factor of 6655 and 232320?
605
Calculate the highest common factor of 428 and 712513.
107
Calculate the greatest common factor of 1625 and 49125.
125
Calculate the highest common factor of 327024 and 48.
48
What is the greatest common divisor of 568370 and 20?
10
What is the highest common factor of 187209 and 12749?
671
What is the highest common factor of 208 and 2608?
16
What is the highest common factor of 2 and 29254?
2
What is the highest common factor of 1624 and 112952?
56
Calculate the highest common factor of 102 and 2526098.
34
What is the highest common factor of 204 and 1348304?
68
Calculate the greatest common factor of 1520 and 1303400.
760
What is the greatest common factor of 841014 and 54?
18
Calculate the greatest common divisor of 50 and 1074950.
50
What is the highest common divisor of 673604 and 1504?
188
Calculate the highest common factor of 40 and 382072.
8
Calculate the greatest common factor of 2337 and 246.
123
What is the highest common factor of 240 and 1912?
8
Calculate the greatest common factor of 12100 and 990.
110
What is the greatest common factor of 160128 and 72?
72
What is the greatest common divisor of 192 and 228?
12
What is the highest common factor of 309034 and 11?
11
Calculate the greatest common divisor of 2270 and 270.
10
Calculate the greatest common divisor of 5345 and 1067931.
1069
What is the greatest common factor of 31230 and 18?
18
Calculate the highest common divisor of 11 and 6243831.
11
What is the greatest common factor of 291 and 63?
3
Calculate the highest common factor of 120 and 10568.
8
What is the greatest common factor of 8364 and 1148?
164
Calculate the highest common factor of 689 and 4293.
53
What is the greatest common factor of 119 and 6555234?
119
Calculate the highest common divisor of 2282 and 532.
14
What is the greatest common factor of 726284 and 52?
52
Calculate the greatest common factor of 19602825 and 825.
825
Calculate the highest common divisor of 82492 and 6724.
164
Calculate the highest common factor of 20371 and 104.
13
Calculate the greatest common divisor of 152 and 129656.
152
What is the greatest common factor of 5018 and 386?
386
Calculate the highest common divisor of 2633630 and 5575.
1115
Calculate the greatest common divisor of 22 and 4907243.
11
Calculate the highest common factor of 21604 and 176.
44
What is the highest common factor of 9820668 and 177?
177
What is the greatest common divisor of 66038 and 13462?
106
What is the greatest common divisor of 2550 and 20190?
30
What is the highest common factor of 11531808 and 324?
324
What is the highest common divisor of 294 and 3480666?
294
Calculate the greatest common divisor of 2136 and 48368.
8
Calculate the highest common divisor of 1515 and 909.
303
What is the highest common divisor of 8873 and 12609?
467
Calculate the highest common factor of 285538 and 198.
22
Calculate the greatest common factor of 267 and 28035.
267
Calculate the greatest common divisor of 629521 and 229.
229
Calculate the highest common divisor of 4560 and 3168.
48
Calculate the greatest common factor of 521413 and 1214.
607
What is the greatest common factor of 46950 and 110?
10
Calculate the highest common factor of 74399 and 485.
97
Calculate the highest common factor of 1938 and 2584.
646
What is the greatest common factor of 185 and 596662?
37
What is the highest common factor of 107383 and 2117?
73
What is the highest common factor of 579572 and 735?
49
Calculate the greatest common factor of 3616 and 544.
32
Calculate the greatest common factor of 8804 and 3844.
124
Calculate the highest common factor of 16 and 13448.
8
Calculate the greatest common divisor of 158 and 9616354.
158
Calculate the highest common divisor of 273840 and 15.
15
Calculate the highest common factor of 25194 and 9.
3
Calculate the greatest common factor of 30 and 308145.
15
What is the greatest common divisor of 791 and 14623?
7
Calculate the highest common factor of 508 and 1108.
4
What is the greatest common factor of 2529 and 13?
1
Calculate the highest common factor of 133125 and 300.
75
What is the highest common divisor of 504 and 79968?
168
Calculate the greatest common factor of 18 and 73674.
18
Calculate the highest common divisor of 610 and 26535.
305
What is the greatest common divisor of 17152 and 67?
67
Calculate the greatest common divisor of 504 and 1503.
9
What is the greatest common divisor of 83937 and 28?
7
Calculate the highest common divisor of 1421 and 174293.
49
Calculate the highest common factor of 20139 and 411.
411
What is the greatest common factor of 6345 and 5?
5
What is the highest common factor of 7 and 5442017?
7
Calculate the highest common factor of 1364 and 82863.
341
What is the greatest common factor of 648 and 88632?
72
What is the highest common factor of 63 and 24561?
9
Calculate the greatest common factor of 87985 and 15.
5
What is the greatest common divisor of 3136 and 3008?
64
Calculate the greatest common factor of